{"id":195,"date":"2024-11-13T11:09:16","date_gmt":"2024-11-13T10:09:16","guid":{"rendered":"https:\/\/mimo-design.fr\/?page_id=195"},"modified":"2024-12-04T12:05:32","modified_gmt":"2024-12-04T11:05:32","slug":"amenagement-interieur-3d","status":"publish","type":"page","link":"https:\/\/mimo-design.fr\/index.php\/amenagement-interieur-3d\/","title":{"rendered":"Am\u00e9nagement int\u00e9rieur 3D"},"content":{"rendered":"<div class=\"wp-block-image is-style-rounded\">\n<figure class=\"aligncenter size-full is-resized\"><img loading=\"lazy\" decoding=\"async\" width=\"587\" height=\"579\" src=\"http:\/\/mimo-design.fr\/wp-content\/uploads\/2024\/11\/amenagement-interieur-6-edited-1.png\" alt=\"\" class=\"wp-image-187\" style=\"width:337px;height:auto\" srcset=\"https:\/\/mimo-design.fr\/wp-content\/uploads\/2024\/11\/amenagement-interieur-6-edited-1.png 587w, https:\/\/mimo-design.fr\/wp-content\/uploads\/2024\/11\/amenagement-interieur-6-edited-1-300x296.png 300w\" sizes=\"auto, (max-width: 587px) 100vw, 587px\" \/><\/figure>\n<\/div>\n\n\n<h4 class=\"wp-block-heading alignwide has-primary-color has-text-color has-link-color wp-elements-bcebef59101f5a30397ff43802fa246a\">Transformez vos espaces avec notre service d&#8217;am\u00e9nagement et de d\u00e9coration d&#8217;int\u00e9rieur en 3D.                                                                                                                                                                Nous cr\u00e9ons des visualisations r\u00e9alistes et personnalis\u00e9es pour donner vie \u00e0 vos id\u00e9es.                                                                                                                                                                                                   Que vous soyez un particulier ou un professionnel, nous vous aidons \u00e0 concevoir des int\u00e9rieurs \u00e9l\u00e9gants et fonctionnels, parfaitement adapt\u00e9s \u00e0 vos besoins et \u00e0 votre style.                                                                                                                                                                  <strong>Explorez des designs inspirants et concr\u00e9tisez vos projets avec la pr\u00e9cision de la conception 3D<\/strong><\/h4>\n\n\n\n<div class=\"wp-block-columns is-layout-flex wp-container-core-columns-is-layout-9d6595d7 wp-block-columns-is-layout-flex\">\n<div class=\"wp-block-column is-layout-flow wp-block-column-is-layout-flow\" style=\"flex-basis:100%\">\n<figure class=\"wp-block-gallery has-nested-images columns-default is-cropped wp-block-gallery-1 is-layout-flex wp-block-gallery-is-layout-flex\">\n<figure class=\"wp-block-image size-large\"><img loading=\"lazy\" decoding=\"async\" width=\"1024\" height=\"683\" data-id=\"283\" src=\"https:\/\/mimo-design.fr\/wp-content\/uploads\/2024\/12\/Cuisine-10-1024x683.png\" alt=\"\" class=\"wp-image-283\" srcset=\"https:\/\/mimo-design.fr\/wp-content\/uploads\/2024\/12\/Cuisine-10-1024x683.png 1024w, https:\/\/mimo-design.fr\/wp-content\/uploads\/2024\/12\/Cuisine-10-300x200.png 300w, https:\/\/mimo-design.fr\/wp-content\/uploads\/2024\/12\/Cuisine-10-768x512.png 768w, https:\/\/mimo-design.fr\/wp-content\/uploads\/2024\/12\/Cuisine-10-1200x800.png 1200w, https:\/\/mimo-design.fr\/wp-content\/uploads\/2024\/12\/Cuisine-10.png 1500w\" sizes=\"auto, (max-width: 1024px) 100vw, 1024px\" \/><\/figure>\n\n\n\n<figure class=\"wp-block-image size-large\"><img loading=\"lazy\" decoding=\"async\" width=\"1024\" height=\"683\" data-id=\"285\" src=\"https:\/\/mimo-design.fr\/wp-content\/uploads\/2024\/12\/Cuisine-11-1024x683.png\" alt=\"\" class=\"wp-image-285\" srcset=\"https:\/\/mimo-design.fr\/wp-content\/uploads\/2024\/12\/Cuisine-11-1024x683.png 1024w, https:\/\/mimo-design.fr\/wp-content\/uploads\/2024\/12\/Cuisine-11-300x200.png 300w, https:\/\/mimo-design.fr\/wp-content\/uploads\/2024\/12\/Cuisine-11-768x512.png 768w, https:\/\/mimo-design.fr\/wp-content\/uploads\/2024\/12\/Cuisine-11-1200x800.png 1200w, https:\/\/mimo-design.fr\/wp-content\/uploads\/2024\/12\/Cuisine-11.png 1500w\" sizes=\"auto, (max-width: 1024px) 100vw, 1024px\" \/><\/figure>\n\n\n\n<figure class=\"wp-block-image size-large\"><img loading=\"lazy\" decoding=\"async\" width=\"1024\" height=\"683\" data-id=\"286\" src=\"https:\/\/mimo-design.fr\/wp-content\/uploads\/2024\/12\/Labo-v2-3-1024x683.png\" alt=\"\" class=\"wp-image-286\" srcset=\"https:\/\/mimo-design.fr\/wp-content\/uploads\/2024\/12\/Labo-v2-3-1024x683.png 1024w, https:\/\/mimo-design.fr\/wp-content\/uploads\/2024\/12\/Labo-v2-3-300x200.png 300w, https:\/\/mimo-design.fr\/wp-content\/uploads\/2024\/12\/Labo-v2-3-768x512.png 768w, https:\/\/mimo-design.fr\/wp-content\/uploads\/2024\/12\/Labo-v2-3-1200x800.png 1200w, https:\/\/mimo-design.fr\/wp-content\/uploads\/2024\/12\/Labo-v2-3.png 1500w\" sizes=\"auto, (max-width: 1024px) 100vw, 1024px\" \/><\/figure>\n\n\n\n<figure class=\"wp-block-image size-large\"><img loading=\"lazy\" decoding=\"async\" width=\"704\" height=\"469\" data-id=\"284\" src=\"https:\/\/mimo-design.fr\/wp-content\/uploads\/2024\/12\/medium.jpg\" alt=\"\" class=\"wp-image-284\" srcset=\"https:\/\/mimo-design.fr\/wp-content\/uploads\/2024\/12\/medium.jpg 704w, https:\/\/mimo-design.fr\/wp-content\/uploads\/2024\/12\/medium-300x200.jpg 300w\" sizes=\"auto, (max-width: 704px) 100vw, 704px\" \/><\/figure>\n\n\n\n<figure class=\"wp-block-image size-large\"><img loading=\"lazy\" decoding=\"async\" width=\"640\" height=\"480\" data-id=\"287\" src=\"https:\/\/mimo-design.fr\/wp-content\/uploads\/2024\/12\/Photo-stand-1.jpg\" alt=\"\" class=\"wp-image-287\" srcset=\"https:\/\/mimo-design.fr\/wp-content\/uploads\/2024\/12\/Photo-stand-1.jpg 640w, https:\/\/mimo-design.fr\/wp-content\/uploads\/2024\/12\/Photo-stand-1-300x225.jpg 300w\" sizes=\"auto, (max-width: 640px) 100vw, 640px\" \/><\/figure>\n\n\n\n<figure class=\"wp-block-image size-large\"><img loading=\"lazy\" decoding=\"async\" width=\"1024\" height=\"640\" data-id=\"288\" src=\"https:\/\/mimo-design.fr\/wp-content\/uploads\/2024\/12\/salon-6-1024x640.png\" alt=\"\" class=\"wp-image-288\" srcset=\"https:\/\/mimo-design.fr\/wp-content\/uploads\/2024\/12\/salon-6-1024x640.png 1024w, https:\/\/mimo-design.fr\/wp-content\/uploads\/2024\/12\/salon-6-300x188.png 300w, https:\/\/mimo-design.fr\/wp-content\/uploads\/2024\/12\/salon-6-768x480.png 768w, https:\/\/mimo-design.fr\/wp-content\/uploads\/2024\/12\/salon-6-1536x960.png 1536w, https:\/\/mimo-design.fr\/wp-content\/uploads\/2024\/12\/salon-6-2048x1280.png 2048w, https:\/\/mimo-design.fr\/wp-content\/uploads\/2024\/12\/salon-6-1200x750.png 1200w, https:\/\/mimo-design.fr\/wp-content\/uploads\/2024\/12\/salon-6-1980x1238.png 1980w\" sizes=\"auto, (max-width: 1024px) 100vw, 1024px\" \/><\/figure>\n\n\n\n<figure class=\"wp-block-image size-large\"><img loading=\"lazy\" decoding=\"async\" width=\"1000\" height=\"800\" data-id=\"289\" src=\"https:\/\/mimo-design.fr\/wp-content\/uploads\/2024\/12\/amenagement-int-1.png\" alt=\"\" class=\"wp-image-289\" srcset=\"https:\/\/mimo-design.fr\/wp-content\/uploads\/2024\/12\/amenagement-int-1.png 1000w, https:\/\/mimo-design.fr\/wp-content\/uploads\/2024\/12\/amenagement-int-1-300x240.png 300w, https:\/\/mimo-design.fr\/wp-content\/uploads\/2024\/12\/amenagement-int-1-768x614.png 768w\" sizes=\"auto, (max-width: 1000px) 100vw, 1000px\" \/><\/figure>\n\n\n\n<figure class=\"wp-block-image size-large\"><img loading=\"lazy\" decoding=\"async\" width=\"1000\" height=\"800\" data-id=\"291\" src=\"https:\/\/mimo-design.fr\/wp-content\/uploads\/2024\/12\/amenagement-int-4.png\" alt=\"\" class=\"wp-image-291\" srcset=\"https:\/\/mimo-design.fr\/wp-content\/uploads\/2024\/12\/amenagement-int-4.png 1000w, https:\/\/mimo-design.fr\/wp-content\/uploads\/2024\/12\/amenagement-int-4-300x240.png 300w, https:\/\/mimo-design.fr\/wp-content\/uploads\/2024\/12\/amenagement-int-4-768x614.png 768w\" sizes=\"auto, (max-width: 1000px) 100vw, 1000px\" \/><\/figure>\n\n\n\n<figure class=\"wp-block-image size-large\"><img loading=\"lazy\" decoding=\"async\" width=\"650\" height=\"354\" data-id=\"290\" src=\"https:\/\/mimo-design.fr\/wp-content\/uploads\/2024\/12\/Maison-FredManu-21.jpg\" alt=\"\" class=\"wp-image-290\" srcset=\"https:\/\/mimo-design.fr\/wp-content\/uploads\/2024\/12\/Maison-FredManu-21.jpg 650w, https:\/\/mimo-design.fr\/wp-content\/uploads\/2024\/12\/Maison-FredManu-21-300x163.jpg 300w\" sizes=\"auto, (max-width: 650px) 100vw, 650px\" \/><\/figure>\n\n\n\n<figure class=\"wp-block-image size-large\"><img loading=\"lazy\" decoding=\"async\" width=\"1000\" height=\"600\" data-id=\"293\" src=\"https:\/\/mimo-design.fr\/wp-content\/uploads\/2024\/12\/Meuble-estelle-1.png\" alt=\"\" class=\"wp-image-293\" srcset=\"https:\/\/mimo-design.fr\/wp-content\/uploads\/2024\/12\/Meuble-estelle-1.png 1000w, https:\/\/mimo-design.fr\/wp-content\/uploads\/2024\/12\/Meuble-estelle-1-300x180.png 300w, https:\/\/mimo-design.fr\/wp-content\/uploads\/2024\/12\/Meuble-estelle-1-768x461.png 768w\" sizes=\"auto, (max-width: 1000px) 100vw, 1000px\" \/><\/figure>\n\n\n\n<figure class=\"wp-block-image size-large\"><img loading=\"lazy\" decoding=\"async\" width=\"1000\" height=\"600\" data-id=\"294\" src=\"https:\/\/mimo-design.fr\/wp-content\/uploads\/2024\/12\/Meuble-estelle-2.png\" alt=\"\" class=\"wp-image-294\" srcset=\"https:\/\/mimo-design.fr\/wp-content\/uploads\/2024\/12\/Meuble-estelle-2.png 1000w, https:\/\/mimo-design.fr\/wp-content\/uploads\/2024\/12\/Meuble-estelle-2-300x180.png 300w, https:\/\/mimo-design.fr\/wp-content\/uploads\/2024\/12\/Meuble-estelle-2-768x461.png 768w\" sizes=\"auto, (max-width: 1000px) 100vw, 1000px\" \/><\/figure>\n\n\n\n<figure class=\"wp-block-image size-large\"><img loading=\"lazy\" decoding=\"async\" width=\"1000\" height=\"600\" data-id=\"292\" src=\"https:\/\/mimo-design.fr\/wp-content\/uploads\/2024\/12\/Meuble-estelle-3.png\" alt=\"\" class=\"wp-image-292\" srcset=\"https:\/\/mimo-design.fr\/wp-content\/uploads\/2024\/12\/Meuble-estelle-3.png 1000w, https:\/\/mimo-design.fr\/wp-content\/uploads\/2024\/12\/Meuble-estelle-3-300x180.png 300w, https:\/\/mimo-design.fr\/wp-content\/uploads\/2024\/12\/Meuble-estelle-3-768x461.png 768w\" sizes=\"auto, (max-width: 1000px) 100vw, 1000px\" \/><\/figure>\n<\/figure>\n<\/div>\n<\/div>\n","protected":false},"excerpt":{"rendered":"<p>Transformez vos espaces avec notre service d&#8217;am\u00e9nagement et de d\u00e9coration d&#8217;int\u00e9rieur en 3D. Nous cr\u00e9ons des visualisations r\u00e9alistes et personnalis\u00e9es pour donner vie \u00e0 vos id\u00e9es. Que vous soyez un particulier ou un professionnel, nous vous aidons \u00e0 concevoir des int\u00e9rieurs \u00e9l\u00e9gants et fonctionnels, parfaitement adapt\u00e9s \u00e0 vos besoins et \u00e0 votre style. Explorez des [&hellip;]<\/p>\n","protected":false},"author":1,"featured_media":0,"parent":0,"menu_order":0,"comment_status":"closed","ping_status":"closed","template":"","meta":{"footnotes":""},"class_list":["post-195","page","type-page","status-publish","hentry"],"_links":{"self":[{"href":"https:\/\/mimo-design.fr\/index.php\/wp-json\/wp\/v2\/pages\/195","targetHints":{"allow":["GET"]}}],"collection":[{"href":"https:\/\/mimo-design.fr\/index.php\/wp-json\/wp\/v2\/pages"}],"about":[{"href":"https:\/\/mimo-design.fr\/index.php\/wp-json\/wp\/v2\/types\/page"}],"author":[{"embeddable":true,"href":"https:\/\/mimo-design.fr\/index.php\/wp-json\/wp\/v2\/users\/1"}],"replies":[{"embeddable":true,"href":"https:\/\/mimo-design.fr\/index.php\/wp-json\/wp\/v2\/comments?post=195"}],"version-history":[{"count":5,"href":"https:\/\/mimo-design.fr\/index.php\/wp-json\/wp\/v2\/pages\/195\/revisions"}],"predecessor-version":[{"id":295,"href":"https:\/\/mimo-design.fr\/index.php\/wp-json\/wp\/v2\/pages\/195\/revisions\/295"}],"wp:attachment":[{"href":"https:\/\/mimo-design.fr\/index.php\/wp-json\/wp\/v2\/media?parent=195"}],"curies":[{"name":"wp","href":"https:\/\/api.w.org\/{rel}","templated":true}]}}